{"id":71685,"date":"2016-03-18T18:04:08","date_gmt":"2016-03-18T17:04:08","guid":{"rendered":"http:\/\/formations-vendee.com\/phare\/?page_id=71685"},"modified":"2016-03-21T12:47:03","modified_gmt":"2016-03-21T11:47:03","slug":"commercial-vente-inter","status":"publish","type":"page","link":"https:\/\/formations-vendee.com\/phare\/formations-inter-entreprise\/commercial-vente-inter\/","title":{"rendered":"Commercial &#8211; Vente"},"content":{"rendered":"<div class=\"wpb-content-wrapper\"><p>[vc_row type=\u00a0\u00bbcontainer\u00a0\u00bb padding_top=\u00a0\u00bb\u00a0\u00bb padding_bottom=\u00a0\u00bb\u00a0\u00bb css=\u00a0\u00bb.vc_custom_1445094705330{margin-bottom: 0px !important;}\u00a0\u00bb][vc_column width=\u00a0\u00bb1\/2&Prime; css=\u00a0\u00bb.vc_custom_1444994576899{margin-bottom: 35px !important;}\u00a0\u00bb][vc_column_text]Les entreprises de tous les secteurs d\u2019activit\u00e9s ont besoin de savoir vendre et n\u00e9gocier pour pouvoir subsister. PHARE s\u2019inscrit dans cette perspective en accompagnant les projets d\u2019am\u00e9lioration commerciale de ses clients.<\/p>\n<p>Nos formations inter entreprise font \u00e9voluer les comp\u00e9tences de vos salari\u00e9s pour r\u00e9pondre aux enjeux du domaine.[\/vc_column_text][\/vc_column][vc_column width=\u00a0\u00bb1\/2&Prime; css=\u00a0\u00bb.vc_custom_1444994585214{margin-bottom: 35px !important;}\u00a0\u00bb][vc_single_image image=\u00a0\u00bb71383&Prime; img_size=\u00a0\u00bbfull\u00a0\u00bb onclick=\u00a0\u00bbcustom_link\u00a0\u00bb css_animation=\u00a0\u00bbright-to-left\u00a0\u00bb link=\u00a0\u00bbhttps:\/\/formations-vendee.com\/phare\/formations-inter-entreprise\/commercial-vente-inter\/definir-strategie-deployer\/\u00a0\u00bb][\/vc_column][\/vc_row][vc_row type=\u00a0\u00bbcontainer\u00a0\u00bb padding_top=\u00a0\u00bb\u00a0\u00bb padding_bottom=\u00a0\u00bb\u00a0\u00bb css=\u00a0\u00bb.vc_custom_1458560490143{margin-top: 30px !important;}\u00a0\u00bb][vc_column][vc_custom_heading text=\u00a0\u00bbToutes nos formations dans ce domaine\u00a0\u00bb font_container=\u00a0\u00bbtag:h2|text_align:center\u00a0\u00bb use_theme_fonts=\u00a0\u00bbyes\u00a0\u00bb][vc_single_image image=\u00a0\u00bb71787&Prime; img_size=\u00a0\u00bbfull\u00a0\u00bb][\/vc_column][\/vc_row]<\/p>\n<\/div>","protected":false},"excerpt":{"rendered":"<p>[vc_row type=\u00a0\u00bbcontainer\u00a0\u00bb padding_top=\u00a0\u00bb\u00a0\u00bb padding_bottom=\u00a0\u00bb\u00a0\u00bb css=\u00a0\u00bb.vc_custom_1445094705330{margin-bottom: 0px !important;}\u00a0\u00bb][vc_column width=\u00a0\u00bb1\/2&Prime; css=\u00a0\u00bb.vc_custom_1444994576899{margin-bottom: 35px !important;}\u00a0\u00bb][vc_column_text]Les entreprises de tous les secteurs d\u2019activit\u00e9s ont besoin de savoir vendre et n\u00e9gocier pour pouvoir subsister. PHARE s\u2019inscrit dans cette perspective en accompagnant les projets d\u2019am\u00e9lioration commerciale de ses clients. Nos formations inter entreprise font \u00e9voluer les comp\u00e9tences de vos salari\u00e9s pour r\u00e9pondre aux [&hellip;]<\/p>\n","protected":false},"author":1,"featured_media":0,"parent":73,"menu_order":2,"comment_status":"closed","ping_status":"closed","template":"","meta":{"_acf_changed":false,"_seopress_robots_primary_cat":"","_seopress_titles_title":"","_seopress_titles_desc":"","_seopress_robots_index":"","footnotes":""},"class_list":["post-71685","page","type-page","status-publish","hentry"],"acf":[],"_links":{"self":[{"href":"https:\/\/formations-vendee.com\/phare\/wp-json\/wp\/v2\/pages\/71685","targetHints":{"allow":["GET"]}}],"collection":[{"href":"https:\/\/formations-vendee.com\/phare\/wp-json\/wp\/v2\/pages"}],"about":[{"href":"https:\/\/formations-vendee.com\/phare\/wp-json\/wp\/v2\/types\/page"}],"author":[{"embeddable":true,"href":"https:\/\/formations-vendee.com\/phare\/wp-json\/wp\/v2\/users\/1"}],"replies":[{"embeddable":true,"href":"https:\/\/formations-vendee.com\/phare\/wp-json\/wp\/v2\/comments?post=71685"}],"version-history":[{"count":7,"href":"https:\/\/formations-vendee.com\/phare\/wp-json\/wp\/v2\/pages\/71685\/revisions"}],"predecessor-version":[{"id":71789,"href":"https:\/\/formations-vendee.com\/phare\/wp-json\/wp\/v2\/pages\/71685\/revisions\/71789"}],"up":[{"embeddable":true,"href":"https:\/\/formations-vendee.com\/phare\/wp-json\/wp\/v2\/pages\/73"}],"wp:attachment":[{"href":"https:\/\/formations-vendee.com\/phare\/wp-json\/wp\/v2\/media?parent=71685"}],"curies":[{"name":"wp","href":"https:\/\/api.w.org\/{rel}","templated":true}]}}

<div class="wpb-content-wrapper"><p>[vc_row type= »container » padding_top= » » padding_bottom= » » css= ».vc_custom_1445094705330{margin-bottom: 0px !important;} »][vc_column width= »1/2&Prime; css= ».vc_custom_1444994576899{margin-bottom: 35px !important;} »][vc_column_text]Les entreprises de tous les secteurs d’activités ont besoin de savoir vendre et négocier pour pouvoir subsister. PHARE s’inscrit dans cette perspective en accompagnant les projets d’amélioration commerciale de ses clients.</p>
<p>Nos formations inter entreprise font évoluer les compétences de vos salariés pour répondre aux enjeux du domaine.[/vc_column_text][/vc_column][vc_column width= »1/2&Prime; css= ».vc_custom_1444994585214{margin-bottom: 35px !important;} »][vc_single_image image= »71383&Prime; img_size= »full » onclick= »custom_link » css_animation= »right-to-left » link= »https://formations-vendee.com/phare/formations-inter-entreprise/commercial-vente-inter/definir-strategie-deployer/ »][/vc_column][/vc_row][vc_row type= »container » padding_top= » » padding_bottom= » » css= ».vc_custom_1458560490143{margin-top: 30px !important;} »][vc_column][vc_custom_heading text= »Toutes nos formations dans ce domaine » font_container= »tag:h2|text_align:center » use_theme_fonts= »yes »][vc_single_image image= »71787&Prime; img_size= »full »][/vc_column][/vc_row]</p>
</div>

<p>[vc_row type= »container » padding_top= » » padding_bottom= » » css= ».vc_custom_1445094705330{margin-bottom: 0px !important;} »][vc_column width= »1/2&Prime; css= ».vc_custom_1444994576899{margin-bottom: 35px !important;} »][vc_column_text]Les entreprises de tous les secteurs d’activités ont besoin de savoir vendre et négocier pour pouvoir subsister. PHARE s’inscrit dans cette perspective en accompagnant les projets d’amélioration commerciale de ses clients. Nos formations inter entreprise font évoluer les compétences de vos salariés pour répondre aux [&hellip;]</p>
