{"id":71645,"date":"2016-03-17T18:57:53","date_gmt":"2016-03-17T17:57:53","guid":{"rendered":"http:\/\/formations-vendee.com\/phare\/?page_id=71645"},"modified":"2020-01-23T21:03:08","modified_gmt":"2020-01-23T20:03:08","slug":"piloter-la-performance","status":"publish","type":"page","link":"https:\/\/formations-vendee.com\/phare\/formations-inter-entreprise\/management-inter\/piloter-la-performance\/","title":{"rendered":"Piloter la performance"},"content":{"rendered":"<div class=\"wpb-content-wrapper\"><p>[vc_row type=\u00a0\u00bbcontainer\u00a0\u00bb padding_top=\u00a0\u00bb\u00a0\u00bb padding_bottom=\u00a0\u00bb\u00a0\u00bb css=\u00a0\u00bb.vc_custom_1445094705330{margin-bottom: 0px !important;}\u00a0\u00bb][vc_column css=\u00a0\u00bb.vc_custom_1444994576899{margin-bottom: 35px !important;}\u00a0\u00bb][vc_column_text]<\/p>\n<h3>Objectif<\/h3>\n<p>Piloter et am\u00e9liorer la performance de son \u00e9quipe<\/p>\n<table border=\"1\" cellspacing=\"0\" cellpadding=\"9\">\n<colgroup>\n<col width=\"70\" \/>\n<col width=\"30%\" \/><\/colgroup>\n<tbody>\n<tr bgcolor=\"#aac627\">\n<td><b>MODULES<\/b><\/td>\n<td><b>PROCHAINES DATES<\/b><\/td>\n<\/tr>\n<tr valign=\"TOP\">\n<td>D\u00e9finir les indicateurs de performance et les rendre visibles<\/td>\n<td><\/td>\n<\/tr>\n<tr valign=\"TOP\">\n<td>Organiser et conduire ses rituels de management<\/td>\n<td><\/td>\n<\/tr>\n<tr valign=\"TOP\">\n<td>Mettre en place une d\u00e9marche d&rsquo;am\u00e9lioration continue<\/td>\n<td><\/td>\n<\/tr>\n<\/tbody>\n<\/table>\n<h3>Comp\u00e9tences transversales d\u00e9velopp\u00e9es<\/h3>\n<ul>\n<li>Exploiter l\u2019information<\/li>\n<li>Actualiser son potentiel<\/li>\n<li>Communiquer de mani\u00e8re efficace<\/li>\n<\/ul>\n<h3>Dur\u00e9e\u00a0et planning<\/h3>\n<p>Nous consulter<\/p>\n<h3>Financements<\/h3>\n<p>Nous consulter[\/vc_column_text][\/vc_column][\/vc_row]<\/p>\n<\/div>","protected":false},"excerpt":{"rendered":"<p>[vc_row type=\u00a0\u00bbcontainer\u00a0\u00bb padding_top=\u00a0\u00bb\u00a0\u00bb padding_bottom=\u00a0\u00bb\u00a0\u00bb css=\u00a0\u00bb.vc_custom_1445094705330{margin-bottom: 0px !important;}\u00a0\u00bb][vc_column css=\u00a0\u00bb.vc_custom_1444994576899{margin-bottom: 35px !important;}\u00a0\u00bb][vc_column_text] Objectif Piloter et am\u00e9liorer la performance de son \u00e9quipe MODULES PROCHAINES DATES D\u00e9finir les indicateurs de performance et les rendre visibles Organiser et conduire ses rituels de management Mettre en place une d\u00e9marche d&rsquo;am\u00e9lioration continue Comp\u00e9tences transversales d\u00e9velopp\u00e9es Exploiter l\u2019information Actualiser son potentiel Communiquer de [&hellip;]<\/p>\n","protected":false},"author":1,"featured_media":0,"parent":71693,"menu_order":3,"comment_status":"closed","ping_status":"closed","template":"","meta":{"_acf_changed":false,"_seopress_robots_primary_cat":"","_seopress_titles_title":"","_seopress_titles_desc":"","_seopress_robots_index":"","footnotes":""},"class_list":["post-71645","page","type-page","status-publish","hentry"],"acf":[],"_links":{"self":[{"href":"https:\/\/formations-vendee.com\/phare\/wp-json\/wp\/v2\/pages\/71645","targetHints":{"allow":["GET"]}}],"collection":[{"href":"https:\/\/formations-vendee.com\/phare\/wp-json\/wp\/v2\/pages"}],"about":[{"href":"https:\/\/formations-vendee.com\/phare\/wp-json\/wp\/v2\/types\/page"}],"author":[{"embeddable":true,"href":"https:\/\/formations-vendee.com\/phare\/wp-json\/wp\/v2\/users\/1"}],"replies":[{"embeddable":true,"href":"https:\/\/formations-vendee.com\/phare\/wp-json\/wp\/v2\/comments?post=71645"}],"version-history":[{"count":5,"href":"https:\/\/formations-vendee.com\/phare\/wp-json\/wp\/v2\/pages\/71645\/revisions"}],"predecessor-version":[{"id":71934,"href":"https:\/\/formations-vendee.com\/phare\/wp-json\/wp\/v2\/pages\/71645\/revisions\/71934"}],"up":[{"embeddable":true,"href":"https:\/\/formations-vendee.com\/phare\/wp-json\/wp\/v2\/pages\/71693"}],"wp:attachment":[{"href":"https:\/\/formations-vendee.com\/phare\/wp-json\/wp\/v2\/media?parent=71645"}],"curies":[{"name":"wp","href":"https:\/\/api.w.org\/{rel}","templated":true}]}}