{"id":71458,"date":"2016-03-15T17:21:47","date_gmt":"2016-03-15T16:21:47","guid":{"rendered":"http:\/\/formations-vendee.com\/phare\/?page_id=71458"},"modified":"2016-03-21T13:01:08","modified_gmt":"2016-03-21T12:01:08","slug":"accompagner-votre-projet","status":"publish","type":"page","link":"https:\/\/formations-vendee.com\/phare\/accompagner-votre-projet\/","title":{"rendered":"Accompagner votre projet"},"content":{"rendered":"<div class=\"wpb-content-wrapper\"><p>[vc_row type=\u00a0\u00bbcontainer\u00a0\u00bb padding_top=\u00a0\u00bb\u00a0\u00bb padding_bottom=\u00a0\u00bb\u00a0\u00bb css=\u00a0\u00bb.vc_custom_1445094705330{margin-bottom: 0px !important;}\u00a0\u00bb][vc_column css=\u00a0\u00bb.vc_custom_1444994576899{margin-bottom: 35px !important;}\u00a0\u00bb][vc_column_text]<strong>Nos consultants sont des sp\u00e9cialistes<\/strong>,<strong> issus du monde de l\u2019entreprise.<\/strong> Ils ont occup\u00e9 des postes op\u00e9rationnels, de management et de direction.<\/p>\n<p>Ils travaillent avec l\u2019\u00e9quipe dirigeante et le management, sur l\u2019organisation et sur la dynamique collective, afin de <strong>faire de votre projet un succ\u00e8s<\/strong>.<\/p>\n<h2>Les domaines d\u2019expertises<\/h2>\n<p>[\/vc_column_text][\/vc_column][\/vc_row][vc_row type=\u00a0\u00bbcontainer\u00a0\u00bb padding_top=\u00a0\u00bb\u00a0\u00bb padding_bottom=\u00a0\u00bb\u00a0\u00bb css=\u00a0\u00bb.vc_custom_1444954442544{margin-bottom: 25px !important;}\u00a0\u00bb][vc_column width=\u00a0\u00bb1\/4&Prime; css=\u00a0\u00bb.vc_custom_1444954317564{margin-bottom: 35px !important;}\u00a0\u00bb][vc_single_image image=\u00a0\u00bb71731&Prime; img_size=\u00a0\u00bbmedium\u00a0\u00bb alignment=\u00a0\u00bbcenter\u00a0\u00bb style=\u00a0\u00bbvc_box_rounded\u00a0\u00bb onclick=\u00a0\u00bbcustom_link\u00a0\u00bb css_animation=\u00a0\u00bbappear\u00a0\u00bb link=\u00a0\u00bbhttps:\/\/formations-vendee.com\/phare\/accompagner-votre-projet\/commerce-distribution\/\u00a0\u00bb css=\u00a0\u00bb.vc_custom_1458394604035{border-bottom-width: 0px !important;}\u00a0\u00bb][vc_column_text css=\u00a0\u00bb.vc_custom_1458559720218{margin-top: -15px !important;}\u00a0\u00bb]<\/p>\n<h3 style=\"text-align: center;\"><a href=\"https:\/\/formations-vendee.com\/phare\/accompagner-votre-projet\/commerce-distribution\/\">Commerce &#8211; Distribution<\/a><\/h3>\n<h6>Innover et d\u00e9velopper le pouvoir d\u2019attraction de votre magasin.<\/h6>\n<h6><a href=\"https:\/\/formations-vendee.com\/phare\/accompagner-votre-projet\/commerce-distribution\/\">Acc\u00e9der \u00e0 la section<\/a> \u2192<\/h6>\n<p>[\/vc_column_text][\/vc_column][vc_column width=\u00a0\u00bb1\/4&Prime; css=\u00a0\u00bb.vc_custom_1444954308084{margin-bottom: 35px !important;}\u00a0\u00bb][vc_single_image image=\u00a0\u00bb71733&Prime; img_size=\u00a0\u00bbmedium\u00a0\u00bb alignment=\u00a0\u00bbcenter\u00a0\u00bb style=\u00a0\u00bbvc_box_rounded\u00a0\u00bb onclick=\u00a0\u00bbcustom_link\u00a0\u00bb css_animation=\u00a0\u00bbleft-to-right\u00a0\u00bb link=\u00a0\u00bbhttps:\/\/formations-vendee.com\/phare\/accompagner-votre-projet\/commercial-vente\/\u00a0\u00bb css=\u00a0\u00bb.vc_custom_1458394626916{border-bottom-width: 0px !important;}\u00a0\u00bb][vc_column_text css=\u00a0\u00bb.vc_custom_1458559746762{margin-top: -15px !important;}\u00a0\u00bb]<\/p>\n<h3 style=\"text-align: center;\"><a href=\"https:\/\/formations-vendee.com\/phare\/accompagner-votre-projet\/commercial-vente\/\">Commercial &#8211; Vente<\/a><\/h3>\n<h6>Accompagner vos \u00e9quipes de vente pour faire progresser votre chiffre d\u2019affaires.<\/h6>\n<h6><a href=\"https:\/\/formations-vendee.com\/phare\/accompagner-votre-projet\/commercial-vente\/\">Acc\u00e9der \u00e0 la section<\/a> \u2192<\/h6>\n<p>[\/vc_column_text][\/vc_column][vc_column width=\u00a0\u00bb1\/4&Prime; css=\u00a0\u00bb.vc_custom_1444954327828{margin-bottom: 35px !important;}\u00a0\u00bb][vc_single_image image=\u00a0\u00bb71734&Prime; img_size=\u00a0\u00bbmedium\u00a0\u00bb alignment=\u00a0\u00bbcenter\u00a0\u00bb style=\u00a0\u00bbvc_box_rounded\u00a0\u00bb onclick=\u00a0\u00bbcustom_link\u00a0\u00bb css_animation=\u00a0\u00bbright-to-left\u00a0\u00bb link=\u00a0\u00bbhttps:\/\/formations-vendee.com\/phare\/accompagner-votre-projet\/web-marketing\/\u00a0\u00bb css=\u00a0\u00bb.vc_custom_1458394636062{border-bottom-width: 0px !important;}\u00a0\u00bb][vc_column_text css=\u00a0\u00bb.vc_custom_1458559762741{margin-top: -15px !important;}\u00a0\u00bb]<\/p>\n<h3 style=\"text-align: center;\"><a href=\"https:\/\/formations-vendee.com\/phare\/accompagner-votre-projet\/web-marketing\/\">Web &#8211; Marketing<\/a><\/h3>\n<h6>Augmenter votre notori\u00e9t\u00e9 et d\u00e9velopper vos ventes.<\/h6>\n<h6><a href=\"https:\/\/formations-vendee.com\/phare\/accompagner-votre-projet\/web-marketing\/\">Acc\u00e9der \u00e0 la section<\/a> \u2192<\/h6>\n<p>[\/vc_column_text][\/vc_column][vc_column width=\u00a0\u00bb1\/4&Prime;][vc_single_image image=\u00a0\u00bb71732&Prime; img_size=\u00a0\u00bbmedium\u00a0\u00bb alignment=\u00a0\u00bbcenter\u00a0\u00bb style=\u00a0\u00bbvc_box_rounded\u00a0\u00bb onclick=\u00a0\u00bbcustom_link\u00a0\u00bb css_animation=\u00a0\u00bbleft-to-right\u00a0\u00bb link=\u00a0\u00bbhttps:\/\/formations-vendee.com\/phare\/accompagner-votre-projet\/management-des-hommes\/\u00a0\u00bb css=\u00a0\u00bb.vc_custom_1458394646901{border-bottom-width: 0px !important;}\u00a0\u00bb][vc_column_text css=\u00a0\u00bb.vc_custom_1458559776549{margin-top: -15px !important;}\u00a0\u00bb]<\/p>\n<h3 style=\"text-align: center;\"><a href=\"https:\/\/formations-vendee.com\/phare\/accompagner-votre-projet\/management-des-hommes\/\">RH &amp; Management<\/a><\/h3>\n<h6>Former et faire progresser vos managers.<\/h6>\n<h6><a href=\"https:\/\/formations-vendee.com\/phare\/accompagner-votre-projet\/management-des-hommes\/\">Acc\u00e9der \u00e0 la section<\/a> \u2192<\/h6>\n<p>[\/vc_column_text][\/vc_column][\/vc_row]<\/p>\n<\/div>","protected":false},"excerpt":{"rendered":"<p>[vc_row type=\u00a0\u00bbcontainer\u00a0\u00bb padding_top=\u00a0\u00bb\u00a0\u00bb padding_bottom=\u00a0\u00bb\u00a0\u00bb css=\u00a0\u00bb.vc_custom_1445094705330{margin-bottom: 0px !important;}\u00a0\u00bb][vc_column css=\u00a0\u00bb.vc_custom_1444994576899{margin-bottom: 35px !important;}\u00a0\u00bb][vc_column_text]Nos consultants sont des sp\u00e9cialistes, issus du monde de l\u2019entreprise. Ils ont occup\u00e9 des postes op\u00e9rationnels, de management et de direction. Ils travaillent avec l\u2019\u00e9quipe dirigeante et le management, sur l\u2019organisation et sur la dynamique collective, afin de faire de votre projet un succ\u00e8s. Les domaines [&hellip;]<\/p>\n","protected":false},"author":1,"featured_media":0,"parent":0,"menu_order":0,"comment_status":"closed","ping_status":"closed","template":"","meta":{"_acf_changed":false,"_seopress_robots_primary_cat":"","_seopress_titles_title":"","_seopress_titles_desc":"","_seopress_robots_index":"","footnotes":""},"class_list":["post-71458","page","type-page","status-publish","hentry"],"acf":[],"_links":{"self":[{"href":"https:\/\/formations-vendee.com\/phare\/wp-json\/wp\/v2\/pages\/71458","targetHints":{"allow":["GET"]}}],"collection":[{"href":"https:\/\/formations-vendee.com\/phare\/wp-json\/wp\/v2\/pages"}],"about":[{"href":"https:\/\/formations-vendee.com\/phare\/wp-json\/wp\/v2\/types\/page"}],"author":[{"embeddable":true,"href":"https:\/\/formations-vendee.com\/phare\/wp-json\/wp\/v2\/users\/1"}],"replies":[{"embeddable":true,"href":"https:\/\/formations-vendee.com\/phare\/wp-json\/wp\/v2\/comments?post=71458"}],"version-history":[{"count":15,"href":"https:\/\/formations-vendee.com\/phare\/wp-json\/wp\/v2\/pages\/71458\/revisions"}],"predecessor-version":[{"id":71803,"href":"https:\/\/formations-vendee.com\/phare\/wp-json\/wp\/v2\/pages\/71458\/revisions\/71803"}],"wp:attachment":[{"href":"https:\/\/formations-vendee.com\/phare\/wp-json\/wp\/v2\/media?parent=71458"}],"curies":[{"name":"wp","href":"https:\/\/api.w.org\/{rel}","templated":true}]}}

<div class="wpb-content-wrapper"><p>[vc_row type= »container » padding_top= » » padding_bottom= » » css= ».vc_custom_1445094705330{margin-bottom: 0px !important;} »][vc_column css= ».vc_custom_1444994576899{margin-bottom: 35px !important;} »][vc_column_text]<strong>Nos consultants sont des spécialistes</strong>,<strong> issus du monde de l’entreprise.</strong> Ils ont occupé des postes opérationnels, de management et de direction.</p>
<p>Ils travaillent avec l’équipe dirigeante et le management, sur l’organisation et sur la dynamique collective, afin de <strong>faire de votre projet un succès</strong>.</p>
<h2>Les domaines d’expertises</h2>
<p>[/vc_column_text][/vc_column][/vc_row][vc_row type= »container » padding_top= » » padding_bottom= » » css= ».vc_custom_1444954442544{margin-bottom: 25px !important;} »][vc_column width= »1/4&Prime; css= ».vc_custom_1444954317564{margin-bottom: 35px !important;} »][vc_single_image image= »71731&Prime; img_size= »medium » alignment= »center » style= »vc_box_rounded » onclick= »custom_link » css_animation= »appear » link= »https://formations-vendee.com/phare/accompagner-votre-projet/commerce-distribution/ » css= ».vc_custom_1458394604035{border-bottom-width: 0px !important;} »][vc_column_text css= ».vc_custom_1458559720218{margin-top: -15px !important;} »]</p>
<h3 style="text-align: center;"><a href="https://formations-vendee.com/phare/accompagner-votre-projet/commerce-distribution/">Commerce &#8211; Distribution</a></h3>
<h6>Innover et développer le pouvoir d’attraction de votre magasin.</h6>
<h6><a href="https://formations-vendee.com/phare/accompagner-votre-projet/commerce-distribution/">Accéder à la section</a> →</h6>
<p>[/vc_column_text][/vc_column][vc_column width= »1/4&Prime; css= ».vc_custom_1444954308084{margin-bottom: 35px !important;} »][vc_single_image image= »71733&Prime; img_size= »medium » alignment= »center » style= »vc_box_rounded » onclick= »custom_link » css_animation= »left-to-right » link= »https://formations-vendee.com/phare/accompagner-votre-projet/commercial-vente/ » css= ».vc_custom_1458394626916{border-bottom-width: 0px !important;} »][vc_column_text css= ».vc_custom_1458559746762{margin-top: -15px !important;} »]</p>
<h3 style="text-align: center;"><a href="https://formations-vendee.com/phare/accompagner-votre-projet/commercial-vente/">Commercial &#8211; Vente</a></h3>
<h6>Accompagner vos équipes de vente pour faire progresser votre chiffre d’affaires.</h6>
<h6><a href="https://formations-vendee.com/phare/accompagner-votre-projet/commercial-vente/">Accéder à la section</a> →</h6>
<p>[/vc_column_text][/vc_column][vc_column width= »1/4&Prime; css= ».vc_custom_1444954327828{margin-bottom: 35px !important;} »][vc_single_image image= »71734&Prime; img_size= »medium » alignment= »center » style= »vc_box_rounded » onclick= »custom_link » css_animation= »right-to-left » link= »https://formations-vendee.com/phare/accompagner-votre-projet/web-marketing/ » css= ».vc_custom_1458394636062{border-bottom-width: 0px !important;} »][vc_column_text css= ».vc_custom_1458559762741{margin-top: -15px !important;} »]</p>
<h3 style="text-align: center;"><a href="https://formations-vendee.com/phare/accompagner-votre-projet/web-marketing/">Web &#8211; Marketing</a></h3>
<h6>Augmenter votre notoriété et développer vos ventes.</h6>
<h6><a href="https://formations-vendee.com/phare/accompagner-votre-projet/web-marketing/">Accéder à la section</a> →</h6>
<p>[/vc_column_text][/vc_column][vc_column width= »1/4&Prime;][vc_single_image image= »71732&Prime; img_size= »medium » alignment= »center » style= »vc_box_rounded » onclick= »custom_link » css_animation= »left-to-right » link= »https://formations-vendee.com/phare/accompagner-votre-projet/management-des-hommes/ » css= ».vc_custom_1458394646901{border-bottom-width: 0px !important;} »][vc_column_text css= ».vc_custom_1458559776549{margin-top: -15px !important;} »]</p>
<h3 style="text-align: center;"><a href="https://formations-vendee.com/phare/accompagner-votre-projet/management-des-hommes/">RH &amp; Management</a></h3>
<h6>Former et faire progresser vos managers.</h6>
<h6><a href="https://formations-vendee.com/phare/accompagner-votre-projet/management-des-hommes/">Accéder à la section</a> →</h6>
<p>[/vc_column_text][/vc_column][/vc_row]</p>
</div>

<p>[vc_row type= »container » padding_top= » » padding_bottom= » » css= ».vc_custom_1445094705330{margin-bottom: 0px !important;} »][vc_column css= ».vc_custom_1444994576899{margin-bottom: 35px !important;} »][vc_column_text]Nos consultants sont des spécialistes, issus du monde de l’entreprise. Ils ont occupé des postes opérationnels, de management et de direction. Ils travaillent avec l’équipe dirigeante et le management, sur l’organisation et sur la dynamique collective, afin de faire de votre projet un succès. Les domaines [&hellip;]</p>
