{"id":95,"date":"2016-02-22T14:00:55","date_gmt":"2016-02-22T13:00:55","guid":{"rendered":"http:\/\/broker.commercegurus.com\/?page_id=95"},"modified":"2016-06-08T14:18:00","modified_gmt":"2016-06-08T13:18:00","slug":"prepa-concours-infirmier","status":"publish","type":"page","link":"https:\/\/formations-vendee.com\/ifms\/nos-formations\/preparation-concours\/prepa-concours-infirmier\/","title":{"rendered":"Pr\u00e9pa concours Infirmier"},"content":{"rendered":"<div class=\"wpb-content-wrapper\"><p>[vc_row type=\u00a0\u00bbcontainer\u00a0\u00bb padding_top=\u00a0\u00bb\u00a0\u00bb padding_bottom=\u00a0\u00bb\u00a0\u00bb css=\u00a0\u00bb.vc_custom_1445094705330{margin-bottom: 0px !important;}\u00a0\u00bb][vc_column width=\u00a0\u00bb1\/2&Prime; css=\u00a0\u00bb.vc_custom_1444994576899{margin-bottom: 35px !important;}\u00a0\u00bb][vc_column_text]PR\u00c9PARATION AU CONCOURS d\u2019entr\u00e9e en Institut de formation en SOINS INFIRMIERS.<\/p>\n<p><strong>IFMS<\/strong>, Institut de Formation M\u00e9dico-Social, <strong>vous pr\u00e9pare au concours INFIRMIER.<\/strong><\/p>\n<p>L\u2019infirmier r\u00e9alise des soins destin\u00e9s \u00e0 maintenir ou restaurer la sant\u00e9 de la personne malade et surveille l\u2019\u00e9tat clinique des patients. Ce m\u00e9tier allie comp\u00e9tences th\u00e9oriques et pratiques.[\/vc_column_text][\/vc_column][vc_column width=\u00a0\u00bb1\/2&Prime; css=\u00a0\u00bb.vc_custom_1444994585214{margin-bottom: 35px !important;}\u00a0\u00bb][vc_single_image image=\u00a0\u00bb71310&Prime; img_size=\u00a0\u00bbfull\u00a0\u00bb add_caption=\u00a0\u00bbyes\u00a0\u00bb onclick=\u00a0\u00bblink_image\u00a0\u00bb][\/vc_column][\/vc_row][vc_row type=\u00a0\u00bbcontainer\u00a0\u00bb padding_top=\u00a0\u00bb\u00a0\u00bb padding_bottom=\u00a0\u00bb\u00a0\u00bb][vc_column][vc_column_text]<\/p>\n<h3>Objectifs<\/h3>\n<ul>\n<li>Acqu\u00e9rir des m\u00e9thodes et outils pour se pr\u00e9senter dans les conditions optimales au concours<\/li>\n<li>Confirmer le projet professionnel Infirmier<\/li>\n<\/ul>\n<h3>Programme<\/h3>\n<p>Fran\u00e7ais \/ Culture g\u00e9n\u00e9rale et sociale \/ Tests d\u2019aptitude \/ Math\u00e9matiques<br \/>\nCommunication \/ Analyse de la pratique<br \/>\nPr\u00e9paration \u00e0 l&rsquo;entretien<\/p>\n<h3>Dur\u00e9e<\/h3>\n<p>De Septembre \u00e0 Mars<\/p>\n<h3>Stage<\/h3>\n<p>4 semaines (2 p\u00e9riodes : nov et f\u00e9v)<\/p>\n<h3>Nos +<\/h3>\n<ul>\n<li>Pr\u00e9paration \u00e0 l\u2019entretien<\/li>\n<li>Entra\u00eenements hebdomadaires pour les \u00e9crits<\/li>\n<li>Concours blancs<\/li>\n<li>Interventions de professionnels<\/li>\n<li>Entra\u00eenement intensif sur 3 jours en avril<\/li>\n<\/ul>\n<p>[\/vc_column_text][\/vc_column][\/vc_row][vc_row type=\u00a0\u00bbcontainer\u00a0\u00bb padding_top=\u00a0\u00bb\u00a0\u00bb padding_bottom=\u00a0\u00bb\u00a0\u00bb css=\u00a0\u00bb.vc_custom_1444505165647{margin-bottom: 0px !important;padding-top: 10px !important;}\u00a0\u00bb][vc_column][vc_separator color=\u00a0\u00bb#e2e2e2&Prime; type=\u00a0\u00bbnormal\u00a0\u00bb thickness=\u00a0\u00bb1&Prime; up=\u00a0\u00bb\u00a0\u00bb down=\u00a0\u00bb\u00a0\u00bb el_class=\u00a0\u00bbdotted\u00a0\u00bb][\/vc_column][\/vc_row][vc_row type=\u00a0\u00bbcontainer\u00a0\u00bb padding_top=\u00a0\u00bb\u00a0\u00bb padding_bottom=\u00a0\u00bb\u00a0\u00bb][vc_column][vc_column_text]<\/p>\n<table border=\"1\" cellspacing=\"0\" cellpadding=\"9\">\n<colgroup>\n<col width=\"30%\" \/>\n<col width=\"35%\" \/>\n<col width=\"35%\" \/> <\/colgroup>\n<tbody>\n<tr bgcolor=\"#f4e417\">\n<td><b>METIERS CIBL\u00c9S<\/b><\/td>\n<td><b>MISSIONS<\/b><\/td>\n<td><b>LIEUX D\u2019EXERCICE<\/b><\/td>\n<\/tr>\n<tr valign=\"TOP\">\n<td>Infirmier(i\u00e8re)<\/td>\n<td>R\u00e9aliser des soins destin\u00e9s \u00e0 maintenir ou restaurer la sant\u00e9 des personnes<\/td>\n<td>\n<ul>\n<li>Structure hospitali\u00e8re<\/li>\n<li>Maison m\u00e9dicale<\/li>\n<li>Centre de soins<\/li>\n<li>Centre pour enfants ou adultes handicap\u00e9s<\/li>\n<li>Etablissement de garde<\/li>\n<li>\u2026<\/li>\n<\/ul>\n<\/td>\n<\/tr>\n<\/tbody>\n<\/table>\n<p>[\/vc_column_text][\/vc_column][\/vc_row][vc_row type=\u00a0\u00bbcontainer\u00a0\u00bb padding_top=\u00a0\u00bb\u00a0\u00bb padding_bottom=\u00a0\u00bb\u00a0\u00bb][vc_column][vc_raw_html]JTNDYXNpZGUlMjBjbGFzcyUzRCUyMndpZGdldC0zJTIwd2lkZ2V0LWxhc3QlMjB3aWRnZXQtb2RkJTIwYm94ZWQlMjBkb2N1bWVudCUyMHdpZGdldCUyMHdpZGdldF90ZXh0JTIyJTIwaWQlM0QlMjJ0ZXh0LTMlMjIlM0UlMEElM0NoNCUyMGNsYXNzJTNEJTIyd2lkZ2V0LXRpdGxlJTIyJTNFJTNDc3BhbiUzRVQlQzMlQTlsJUMzJUE5Y2hhcmdleiUyMGxhJTIwcGxhcXVldHRlJTNDJTJGc3BhbiUzRSUzQyUyRmg0JTNFJTBBJTNDZGl2JTIwY2xhc3MlM0QlMjJ0ZXh0d2lkZ2V0JTIyJTNFJTBBJTNDcCUzRUQlQzMlQTljb3V2cmV6JTIwbGElMjBmb3JtYXRpb24lMjBwbHVzJTIwZW4lMjBkJUMzJUE5dGFpbCUyMGdyJUMzJUEyY2UlMjAlQzMlQTAlMjBjZXR0ZSUyMHBsYXF1ZXR0ZSUyMGRlc2NyaXB0aXZlLiUzQyUyRnAlM0UlMEElM0NwJTNFJTNDYSUyMHRhcmdldCUzRCUyMl9ibGFuayUyMiUyMGNsYXNzJTNEJTIycGRmJTIyJTIwaHJlZiUzRCUyMmh0dHBzJTNBJTJGJTJGZHJpdmUuZ29vZ2xlLmNvbSUyRm9wZW4lM0ZpZCUzRDBCNkxVRzZhdEs3Z2NOVUZYYjJOSGVYY3hVMUUlMjIlM0VUJUMzJUE5bCVDMyVBOWNoYXJnZXIlMjBlbiUyMFBERiUzQyUyRmElM0UlM0MlMkZwJTNFJTBBJTNDJTJGZGl2JTNFJTBBJTNDJTJGYXNpZGUlM0U=[\/vc_raw_html][\/vc_column][\/vc_row][vc_row type=\u00a0\u00bbcontainer\u00a0\u00bb padding_top=\u00a0\u00bb\u00a0\u00bb padding_bottom=\u00a0\u00bb\u00a0\u00bb][vc_column][vc_raw_html css=\u00a0\u00bb.vc_custom_1464008560639{margin-bottom: 30px !important;}\u00a0\u00bb]JTNDZGl2JTIwY2xhc3MlM0QlMjJjdGEtYnV0dG9uJTIyJTNFJTNDYSUyMGhyZWYlM0QlMjJodHRwJTNBJTJGJTJGZm9ybWF0aW9ucy12ZW5kZWUuY29tJTJGaWZtcyUyRmNvbnRhY3QlMkYlMjIlM0VKZSUyMENhbmRpZGF0ZSUzQyUyRmElM0UlM0MlMkZkaXYlM0U=[\/vc_raw_html][\/vc_column][\/vc_row]<\/p>\n<\/div>","protected":false},"excerpt":{"rendered":"<p>[vc_row type=\u00a0\u00bbcontainer\u00a0\u00bb padding_top=\u00a0\u00bb\u00a0\u00bb padding_bottom=\u00a0\u00bb\u00a0\u00bb css=\u00a0\u00bb.vc_custom_1445094705330{margin-bottom: 0px !important;}\u00a0\u00bb][vc_column width=\u00a0\u00bb1\/2&Prime; css=\u00a0\u00bb.vc_custom_1444994576899{margin-bottom: 35px !important;}\u00a0\u00bb][vc_column_text]PR\u00c9PARATION AU CONCOURS d\u2019entr\u00e9e en Institut de formation en SOINS INFIRMIERS. IFMS, Institut de Formation M\u00e9dico-Social, vous pr\u00e9pare au concours INFIRMIER. L\u2019infirmier r\u00e9alise des soins destin\u00e9s \u00e0 maintenir ou restaurer la sant\u00e9 de la personne malade et surveille l\u2019\u00e9tat clinique des patients. Ce m\u00e9tier allie [&hellip;]<\/p>\n","protected":false},"author":1,"featured_media":0,"parent":71358,"menu_order":1,"comment_status":"closed","ping_status":"closed","template":"","meta":{"_acf_changed":false,"_seopress_robots_primary_cat":"","_seopress_titles_title":"","_seopress_titles_desc":"","_seopress_robots_index":"","footnotes":""},"class_list":["post-95","page","type-page","status-publish","hentry"],"acf":[],"_links":{"self":[{"href":"https:\/\/formations-vendee.com\/ifms\/wp-json\/wp\/v2\/pages\/95","targetHints":{"allow":["GET"]}}],"collection":[{"href":"https:\/\/formations-vendee.com\/ifms\/wp-json\/wp\/v2\/pages"}],"about":[{"href":"https:\/\/formations-vendee.com\/ifms\/wp-json\/wp\/v2\/types\/page"}],"author":[{"embeddable":true,"href":"https:\/\/formations-vendee.com\/ifms\/wp-json\/wp\/v2\/users\/1"}],"replies":[{"embeddable":true,"href":"https:\/\/formations-vendee.com\/ifms\/wp-json\/wp\/v2\/comments?post=95"}],"version-history":[{"count":14,"href":"https:\/\/formations-vendee.com\/ifms\/wp-json\/wp\/v2\/pages\/95\/revisions"}],"predecessor-version":[{"id":71507,"href":"https:\/\/formations-vendee.com\/ifms\/wp-json\/wp\/v2\/pages\/95\/revisions\/71507"}],"up":[{"embeddable":true,"href":"https:\/\/formations-vendee.com\/ifms\/wp-json\/wp\/v2\/pages\/71358"}],"wp:attachment":[{"href":"https:\/\/formations-vendee.com\/ifms\/wp-json\/wp\/v2\/media?parent=95"}],"curies":[{"name":"wp","href":"https:\/\/api.w.org\/{rel}","templated":true}]}}