{"id":191,"date":"2015-10-12T13:01:57","date_gmt":"2015-10-12T12:01:57","guid":{"rendered":"http:\/\/broker.commercegurus.com\/?page_id=191"},"modified":"2020-01-24T17:18:57","modified_gmt":"2020-01-24T16:18:57","slug":"politique-de-confidentialite","status":"publish","type":"page","link":"https:\/\/formations-vendee.com\/esa\/politique-de-confidentialite\/","title":{"rendered":"Politique de confidentialit\u00e9"},"content":{"rendered":"<p>La pr\u00e9sente Politique de confidentialit\u00e9 et de protection des renseignements personnels (ci-apr\u00e8s : \u00ab Politique de confidentialit\u00e9 \u00bb) \u00e9tablit les pratiques de L\u2019INSTITUT DE FORMATION SAS FORMASO (ci-apr\u00e8s : \u00ab L\u2019INSTITUT \u00bb) pour la collecte, l&rsquo;utilisation ou la divulgation de renseignements personnels dans le cadre de sa relation d\u2019affaires avec vous, (ci-apr\u00e8s : \u00ab l\u2019UTILISATEUR \u00bb) \u00e0 titre d\u2019acqu\u00e9reur d\u2019une formation professionnelle du domaine de la sant\u00e9 mentale.<br \/>\nA-Renseignements personnels<br \/>\nL\u2019INSTITUT recueille des renseignements personnels dans le cadre de sa relation d\u2019affaires avec un UTILISATEUR:<br \/>\nLors de votre acquisition en ligne d\u2019une formation professionnelle de L\u2019INSTITUT;<br \/>\nLors de votre inscription \u00e0 notre liste d\u2019envoi;<br \/>\nLorsque vous assistez en salle \u00e0 une formation professionnelle;<br \/>\nLorsque vous communiquez avec L\u2019INSTITUT, par t\u00e9l\u00e9phone ou courriel, pour une information, plainte ou toute autre raison.<\/p>\n<p>Les renseignements personnels que nous pouvons recueillir lors de ces situations sont les suivants :<br \/>\nVotre nom;<br \/>\nVotre adresse \u00e9lectronique;<br \/>\nVotre adresse de facturation;<br \/>\nVotre num\u00e9ro de carte de cr\u00e9dit;<br \/>\nVotre num\u00e9ro de t\u00e9l\u00e9phone \u00e0 domicile et\/ou au bureau et\/ou cellulaire.<\/p>\n<p>Lorsque vous utilisez une carte de cr\u00e9dit pour r\u00e9gler un achat par l\u2019entremise de notre site web aucun renseignement li\u00e9 \u00e0 votre carte de cr\u00e9dit n\u2019est recueilli par L\u2019INSTITUT. Votre paiement pour vos achats en ligne est trait\u00e9 et administr\u00e9 par les solutions bancaires d\u2019un tiers fournisseur, directement sur son site Web s\u00e9curis\u00e9.<\/p>\n<p>D\u2019une fa\u00e7on g\u00e9n\u00e9rale, L\u2019INSTITUT utilise vos renseignements personnels pour:<br \/>\nPour traiter et administrer votre achat d\u2019une formation professionnelle;<br \/>\nPour r\u00e9pondre \u00e0 une question ou une plainte de votre part;<br \/>\nPour vous contacter afin d\u2019assurer le paiement complet d\u2019une formation professionnelle;<br \/>\nPour vous informer des modifications apport\u00e9es \u00e0 nos conditions et \u00e0 nos politiques et\/ou pour d&rsquo;autres objectifs administratifs;<br \/>\nPour prot\u00e9ger la s\u00e9curit\u00e9 et l&rsquo;int\u00e9grit\u00e9 du site web de L\u2019INSTITUT, de son entreprise et de ses soci\u00e9t\u00e9s apparent\u00e9es.<\/p>\n<p>B-Divulgation \u00e0 des tiers<br \/>\n\u00c0 moins que vous nous autorisiez sp\u00e9cifiquement, L\u2019INSTITUT a comme politique de ne pas vendre ou louer \u00e0 des tiers, aucun renseignement personnel sur un UTILISATEUR pour des fins de prospection commerciale.<br \/>\nDans le cadre de l\u2019acquisition et de l\u2019administration d\u2019une formation professionnelle, L\u2019INSTITUT peut \u00eatre amen\u00e9e \u00e0 communiquer vos renseignements personnels: a) \u00e0 ses soci\u00e9t\u00e9s apparent\u00e9es; b) au prestataire de la formation professionnelle acquise par l\u2019UTILISATEUR; c) aux Ordres Professionnels li\u00e9s au domaine de la sant\u00e9; d) aux organismes de r\u00e9pression des crimes, le cas \u00e9ch\u00e9ant.<br \/>\nL\u2019INSTITUT se r\u00e9serve le droit de divulguer des renseignements personnels vous concernant si la loi le requiert ou que des ordonnances judiciaires sont \u00e9mises incluant l\u2019envoi d\u2019un subpoena ou d\u2019un mandat de perquisition. L\u2019INSTITUT se r\u00e9serve le droit de divulguer toute information qu&rsquo;elle estime de bonne foi n\u00e9cessaire: a) pour se conformer \u00e0 toute exigence l\u00e9gale ou proc\u00e9dure judiciaire; b) pour faire respecter la Convention d&rsquo;utilisation du site www.formations-vendee.com ou c) pour prot\u00e9ger les droits de ses autres UTILISATEURS.<\/p>\n<p>\u00c0 l\u2019interne, L\u2019INSTITUT ne permet qu\u2019un acc\u00e8s limit\u00e9 \u00e0 vos renseignements personnels et uniquement aux employ\u00e9s qui doivent les conna\u00eetre pour les fins de leurs fonctions tels: le service \u00e0 la client\u00e8le et la comptabilit\u00e9.<br \/>\nIl peut aussi arriver que L\u2019INSTITUT fasse appel \u00e0 des fournisseurs externes de services dans certains domaines sp\u00e9cifiques et que certains de vos renseignements personnels puissent \u00eatre transmis \u00e0 ces fournisseurs. Dans cette \u00e9ventualit\u00e9, des mesures de confidentialit\u00e9 sont prises entre L\u2019INSTITUT et les fournisseurs afin que vos renseignements personnels soient utilis\u00e9s d&rsquo;une mani\u00e8re compatible avec la pr\u00e9sente politique et la loi applicable ou sa r\u00e9glementation.<br \/>\nEnfin, dans l\u2019\u00e9ventualit\u00e9 d&rsquo;une r\u00e9organisation corporative, d&rsquo;une fusion, d&rsquo;une vente d\u2019entreprise, d&rsquo;un transfert ou autre ali\u00e9nation de la totalit\u00e9 ou d&rsquo;une partie des actifs de L\u2019INSTITUT (y compris dans le cadre d\u2019une proc\u00e9dure de faillite ou d\u2019insolvabilit\u00e9), les renseignements personnels au sujet des UTILISATEURS et les autres donn\u00e9es recueillies de la mani\u00e8re d\u00e9crite dans la pr\u00e9sente Politique de confidentialit\u00e9 et de protection des renseignements personnels font partie des actifs transf\u00e9r\u00e9s et peuvent \u00eatre partag\u00e9s avec les autres parties \u00e0 la transaction.<\/p>\n<p>C- Usage de t\u00e9moins (cookies)<br \/>\nL\u2019INSTITUT emploie la technologie des t\u00e9moins (cookie) uniquement pour l\u2019identification et la gestion rapide de votre code d\u2019acc\u00e8s \u00e0 son site web comme UTILISATEUR.<br \/>\nUn cookie est une cha\u00eene d&rsquo;informations qui est envoy\u00e9e par un site web et stock\u00e9e sur le disque dur ou temporairement dans la m\u00e9moire d\u2019un ordinateur.<br \/>\nSauf pour l\u2019identification de votre code d\u2019acc\u00e8s, nos serveurs web ne font aucun suivi ni ne collectent des renseignements sur votre visite du site web www.formations-vendee.com. L\u2019emploi des cookies se veut une pratique courante dans l\u2019industrie et plusieurs fureteurs reconnus sont initialement configur\u00e9s pour les accepter. Vous pouvez reconfigurer le v\u00f4tre afin qu\u2019il refuse ou accepte les cookies ou encore qu\u2019il vous alerte lorsqu\u2019un cookie s\u2019installe sur votre ordinateur. Notez qu\u2019en refusant les cookies, vous pourriez ne pas \u00eatre en mesure d\u2019exploiter certaines fonctionnalit\u00e9s de notre site web.<\/p>\n<p>D- Stockage et s\u00e9curit\u00e9<br \/>\nL\u2019INSTITUT prend les moyens techniques raisonnables pour assurer un environnement s\u00e9curitaire et prot\u00e9ger les renseignements personnels de ses UTILISATEURS.<br \/>\ncependant, \u00e9tant donn\u00e9 la nature m\u00eame du r\u00e9seau public qu\u2019est l\u2019internet, l\u2019utilisateur reconnait et accepte que la s\u00e9curit\u00e9 des transmissions via internet ne puisse \u00eatre garantie. en cons\u00e9quence, L\u2019INSTITUT ne peut garantir ni n\u2019assume aucune responsabilit\u00e9 pour toute violation de confidentialit\u00e9, piratage, virus, perte ou alt\u00e9ration des donn\u00e9es de l\u2019utilisateur transmises par internet.<\/p>\n<p>E- Conservation<br \/>\nL\u2019INSTITUT utilise vos renseignements personnels seulement pendant la p\u00e9riode n\u00e9cessaire ou utile r\u00e9sultant de l\u2019acquisition d\u2019une formation professionnelle  et \u00e0 son administration.<\/p>\n<p>A \u00e9ch\u00e9ance, nous fermerons votre compte. Malgr\u00e9 la fermeture de votre compte, nous nous r\u00e9servons le droit de d\u00e9tenir, pour la dur\u00e9e l\u00e9gale de cinq (5) ans prescrites par les Ordres Professionnels, certains renseignements personnels permettant de produire au besoin, une attestation de formation professionnelle ou pour \u00eatre en r\u00e8gle avec la Loi, pr\u00e9venir la fraude, collecter des frais dus, r\u00e9soudre une r\u00e9clamation ou  coop\u00e9rer \u00e0 une enqu\u00eate et pour tout autre acte permis par la loi.<br \/>\n\u00c0 l\u2019expiration de ce d\u00e9lai, les donn\u00e9es des dossiers seront d\u00e9truites ou d\u00e9lest\u00e9es du syst\u00e8me utilis\u00e9 par L\u2019INSTITUT.<\/p>\n<p>F- Informations additionnelles<br \/>\nPour toute question, plainte ou mise \u00e0 jour concernant vos renseignements personnels ou sur la politique de L\u2019INSTITUT en mati\u00e8re de protection des renseignements personnels, n&rsquo;h\u00e9sitez pas \u00e0 communiquer avec nous au 450-695-3111 ou par courriel \u00e0 l&rsquo;adresse \u00ab contact@formations-vendee.com\u201d.<\/p>\n<p>G. Liens externes<br \/>\nPour faciliter la navigation, le site web de L\u2019INSTITUT peut contenir des liens vers d&rsquo;autres sites. Cependant, L\u2019INSTITUT n&rsquo;est pas responsable des pratiques, politiques ou actes de ces tiers en ce qui a trait \u00e0 la protection des renseignements personnels. Nous vous recommandons donc de lire attentivement l&rsquo;\u00e9nonc\u00e9 sur la protection des renseignements personnels apparaissant sur ces sites afin de pouvoir d\u00e9terminer de mani\u00e8re \u00e9clair\u00e9e dans quelle mesure vous souhaitez ou non utiliser ces sites compte tenu de leurs pratiques en mati\u00e8re de protection des renseignements personnels.<\/p>\n<p>H. Modification<br \/>\nL\u2019INSTITUT se r\u00e9serve le droit de modifier cette Politique de confidentialit\u00e9 et de protection des renseignements personnels \u00e0 sa discr\u00e9tion. Cependant, tout changement \u00e0 cet \u00e9nonc\u00e9 sera fait en conformit\u00e9 avec les lois fran\u00e7aises applicables en mati\u00e8re de protection des renseignements personnels et sera affich\u00e9 sur notre site Web.<\/p>\n<p>I. Lois applicables et juridiction<br \/>\nLa pr\u00e9sente Politique de confidentialit\u00e9 et de protection des renseignements personnels est r\u00e9gie par les lois de la r\u00e9publique Fran\u00e7aise et doit \u00eatre interpr\u00e9t\u00e9e conform\u00e9ment \u00e0 ces lois. Vous consentez irr\u00e9vocablement, \u00e0 l\u2019exclusion de toute autre cour ou juridiction potentielle, \u00e0 ce que tout litige en relation avec la pr\u00e9sente Politique de confidentialit\u00e9 et de protection des renseignements personnels soit soumis au tribunal de La Roche Sur Yon<br \/>\nLa pr\u00e9sente politique de confidentialit\u00e9 est assujettie \u00e0 l\u2018ensemble des termes et conditions pour l\u2018utilisation du site web de L\u2019INSTITUT pr\u00e9vu au document en ligne intitul\u00e9 : CONVENTION D\u2019UTILISATION DU SITE www.formations-vendee.com.<\/p>\n","protected":false},"excerpt":{"rendered":"<p>La pr\u00e9sente Politique de confidentialit\u00e9 et de protection des renseignements personnels (ci-apr\u00e8s : \u00ab Politique de confidentialit\u00e9 \u00bb) \u00e9tablit les pratiques de L\u2019INSTITUT DE FORMATION SAS FORMASO (ci-apr\u00e8s : \u00ab L\u2019INSTITUT \u00bb) pour la collecte, l&rsquo;utilisation ou la divulgation de renseignements personnels dans le cadre de sa relation d\u2019affaires avec vous, (ci-apr\u00e8s : \u00ab l\u2019UTILISATEUR [&hellip;]<\/p>\n","protected":false},"author":1,"featured_media":0,"parent":0,"menu_order":0,"comment_status":"closed","ping_status":"closed","template":"","meta":{"_acf_changed":false,"_seopress_robots_primary_cat":"","_seopress_titles_title":"","_seopress_titles_desc":"","_seopress_robots_index":"","footnotes":""},"class_list":["post-191","page","type-page","status-publish","hentry"],"acf":[],"_links":{"self":[{"href":"https:\/\/formations-vendee.com\/esa\/wp-json\/wp\/v2\/pages\/191","targetHints":{"allow":["GET"]}}],"collection":[{"href":"https:\/\/formations-vendee.com\/esa\/wp-json\/wp\/v2\/pages"}],"about":[{"href":"https:\/\/formations-vendee.com\/esa\/wp-json\/wp\/v2\/types\/page"}],"author":[{"embeddable":true,"href":"https:\/\/formations-vendee.com\/esa\/wp-json\/wp\/v2\/users\/1"}],"replies":[{"embeddable":true,"href":"https:\/\/formations-vendee.com\/esa\/wp-json\/wp\/v2\/comments?post=191"}],"version-history":[{"count":3,"href":"https:\/\/formations-vendee.com\/esa\/wp-json\/wp\/v2\/pages\/191\/revisions"}],"predecessor-version":[{"id":72006,"href":"https:\/\/formations-vendee.com\/esa\/wp-json\/wp\/v2\/pages\/191\/revisions\/72006"}],"wp:attachment":[{"href":"https:\/\/formations-vendee.com\/esa\/wp-json\/wp\/v2\/media?parent=191"}],"curies":[{"name":"wp","href":"https:\/\/api.w.org\/{rel}","templated":true}]}}