{"id":71298,"date":"2016-03-05T10:22:23","date_gmt":"2016-03-05T09:22:23","guid":{"rendered":"http:\/\/formations-vendee.com\/cofae\/?page_id=71298"},"modified":"2026-03-11T14:34:45","modified_gmt":"2026-03-11T13:34:45","slug":"vcm-vendeur-conseil-en-magasin","status":"publish","type":"page","link":"https:\/\/formations-vendee.com\/cofae\/nos-formations\/commerce-distribution\/vcm-vendeur-conseil-en-magasin\/","title":{"rendered":"CV &#8211; Conseiller de Vente"},"content":{"rendered":"<div class=\"wpb-content-wrapper\"><p>[vc_row type=\u00a0\u00bbcontainer\u00a0\u00bb padding_top=\u00a0\u00bb\u00a0\u00bb padding_bottom=\u00a0\u00bb\u00a0\u00bb css=\u00a0\u00bb.vc_custom_1445094705330{margin-bottom: 0px !important;}\u00a0\u00bb][vc_column width=\u00a0\u00bb1\/2&Prime; css=\u00a0\u00bb.vc_custom_1444994576899{margin-bottom: 35px !important;}\u00a0\u00bb][vc_column_text]Le conseiller de vente exerce son activit\u00e9 dans un environnement commercial omnicanal. Il assure la vente de produits et de services associ\u00e9s n\u00e9cessitant l&rsquo;apport de conseils et de d\u00e9monstrations aupr\u00e8s d&rsquo;une client\u00e8le de particuliers et parfois de professionnels. II prend en compte l&rsquo;ensemble du dispositif de commercialisation : point de vente et internet. Il participe \u00e0 la tenue, \u00e0 l&rsquo;anima tion du rayon et contribue aux r\u00e9sultats de son lin\u00e9aire ou du point de vente en fonction des objectifs fix\u00e9s par sa hi\u00e9rarchie.[\/vc_column_text][\/vc_column][vc_column width=\u00a0\u00bb1\/2&Prime; css=\u00a0\u00bb.vc_custom_1444994585214{margin-bottom: 35px !important;}\u00a0\u00bb][vc_single_image image=\u00a0\u00bb72015&Prime; img_size=\u00a0\u00bbfull\u00a0\u00bb add_caption=\u00a0\u00bbyes\u00a0\u00bb onclick=\u00a0\u00bblink_image\u00a0\u00bb][\/vc_column][\/vc_row][vc_row type=\u00a0\u00bbcontainer\u00a0\u00bb padding_top=\u00a0\u00bb\u00a0\u00bb padding_bottom=\u00a0\u00bb\u00a0\u00bb css=\u00a0\u00bb.vc_custom_1444505155795{margin-bottom: 0px !important;}\u00a0\u00bb][vc_column][vc_column_text]<\/p>\n<table border=\"1\" width=\"100%\" cellspacing=\"0\" cellpadding=\"9\">\n<colgroup>\n<col width=\"263\" \/>\n<col width=\"283\" \/>\n<col width=\"250\" \/> <\/colgroup>\n<tbody>\n<tr bgcolor=\"#366db4\">\n<td style=\"text-align: center\" width=\"263\"><span style=\"color: #ffffff\"><strong>M\u00c9TIERS CIBL\u00c9S<\/strong><\/span><\/td>\n<td style=\"text-align: center\" width=\"283\"><span style=\"color: #ffffff\"><strong>OBJECTIFS<\/strong><\/span><\/td>\n<td style=\"text-align: center\" width=\"250\"><span style=\"color: #ffffff\"><strong>LIEUX D\u2019EXERCICE<\/strong><\/span><\/td>\n<\/tr>\n<tr valign=\"TOP\">\n<td width=\"32%\" height=\"127\">\n<ul>\n<li>Conseiller client\u00e8le<\/li>\n<li>Vendeur en magasin<\/li>\n<li>Vendeur technique<\/li>\n<li>Magasinier vendeur<\/li>\n<\/ul>\n<\/td>\n<td width=\"36%\">\n<ul>\n<li>Acqu\u00e9rir les comp\u00e9tences du m\u00e9tier et obtenir<br \/>\nla certification<\/li>\n<li>Assurer une veille professionnelle et commerciale<\/li>\n<li>Repr\u00e9senter l\u2019unit\u00e9 marchande et contribuer \u00e0 la<br \/>\nvalorisation de son image<\/li>\n<li>Participer \u00e0 la gestion des flux marchands<\/li>\n<li>Conseiller le client en conduisant l\u2019entretien de vente<\/li>\n<\/ul>\n<\/td>\n<td width=\"32%\">Toute entreprise et tous les secteurs d&rsquo;activit\u00e9s sont concern\u00e9s<\/td>\n<\/tr>\n<\/tbody>\n<\/table>\n<p>[\/vc_column_text][\/vc_column][\/vc_row][vc_row type=\u00a0\u00bbcontainer\u00a0\u00bb padding_top=\u00a0\u00bb\u00a0\u00bb padding_bottom=\u00a0\u00bb\u00a0\u00bb][vc_column][vc_column_text css=\u00a0\u00bb\u00a0\u00bb]<\/p>\n<table border=\"1\" width=\"100%\" cellspacing=\"0\" cellpadding=\"9\">\n<tbody>\n<tr bgcolor=\"#366db4\">\n<td style=\"text-align: center\" width=\"36%\"><span style=\"color: #ffffff\"><strong>LIEU<\/strong><\/span><\/td>\n<td style=\"text-align: center\" width=\"32%\"><span style=\"color: #ffffff\"><strong>DATE &#8211; DUR\u00c9E<br \/>\n<\/strong><\/span><\/td>\n<td style=\"text-align: center\" width=\"32%\"><strong><span style=\"color: #ffffff\">FINANCEMENT &#8211; TARIF<\/span><br \/>\n<\/strong><\/td>\n<\/tr>\n<tr valign=\"TOP\">\n<td width=\"32%\" height=\"127\">La Roche-sur-Yon<\/p>\n<p>&nbsp;<\/td>\n<td width=\"36%\">Nous consulter pour les dates de d\u00e9marrage et la dur\u00e9e de la formation<\/p>\n<p>&nbsp;<\/td>\n<td width=\"32%\">Alternance (contrat d&rsquo;apprentissage ou de professionnalisation)<\/p>\n<p>Tarifs : Nous consulter<\/p>\n<p>&nbsp;<\/td>\n<\/tr>\n<\/tbody>\n<\/table>\n<p>[\/vc_column_text][\/vc_column][\/vc_row][vc_row type=\u00a0\u00bbcontainer\u00a0\u00bb padding_top=\u00a0\u00bb\u00a0\u00bb padding_bottom=\u00a0\u00bb\u00a0\u00bb][vc_column][vc_tta_accordion active_section=\u00a0\u00bb0&Prime; collapsible_all=\u00a0\u00bbtrue\u00a0\u00bb][vc_tta_section title=\u00a0\u00bbProgramme\u00a0\u00bb tab_id=\u00a0\u00bb1578592347292-4db1c19e-3ddd\u00a0\u00bb][vc_column_text]<strong>1- Contribuer \u00e0 l&rsquo;efficacit\u00e9 commerciale d&rsquo;une unit\u00e9<\/strong><br \/>\n<strong>marchande dans un environnement omnicanal<\/strong><br \/>\n<strong>RNCP 37098-BC01<\/strong><\/p>\n<p>&#8211; Assurer une veille professionnelle et commerciale<\/p>\n<p>&#8211; Participer \u00e0 la gestion des flux marchands<\/p>\n<p>&#8211; Contribuer au merchandising<\/p>\n<p>&#8211; Analyser ses performances commerciales et<br \/>\nen rendre compte<\/p>\n<p><strong>2- Am\u00e9liorer l&rsquo;exp\u00e9rience client dans un environnement<\/strong><br \/>\n<strong>omnicanal RNCP 37098-BC02<\/strong><\/p>\n<p>&#8211; Repr\u00e9senter l&rsquo;unit\u00e9 marchande et contribuer \u00e0 la<br \/>\nvalorisation de son image<\/p>\n<p>&#8211; Conseiller le client en conduisant l&rsquo;entretien de vente<\/p>\n<p>&#8211; Assurer le suivi de ses ventes<\/p>\n<p>&#8211; Contribuer \u00e0 la fid\u00e9lisation en consolidant<br \/>\nl&rsquo;exp\u00e9rience client<\/p>\n<p>[\/vc_column_text][\/vc_tta_section][vc_tta_section title=\u00a0\u00bbModalit\u00e9s d&rsquo;inscription et d&rsquo;admission\u00a0\u00bb tab_id=\u00a0\u00bb1578592347309-acc3a92d-2ad7&Prime;][vc_column_text css=\u00a0\u00bb\u00a0\u00bb]<strong>PR\u00c9-REQUIS<\/strong><br \/>\nNiveau 3 (CAP\/BEP) valid\u00e9 ou \u00e9quivalent<\/p>\n<p><strong>ADMISSION<\/strong><\/p>\n<p>Dossier de candidature<\/p>\n<p>Entretien individuel<\/p>\n<p>Tests sur les comp\u00e9tences de bases<\/p>\n<p>Tests de positionnement sur les comp\u00e9tences m\u00e9tier<\/p>\n<p><strong>Construction d\u2019un parcours individualis\u00e9 en fonction des acquis et de votre projet professionnel<\/strong><\/p>\n<p><strong>Formation accessible aux personnes en situation de handicap<\/strong>[\/vc_column_text][\/vc_tta_section][vc_tta_section title=\u00a0\u00bbCertification\u00a0\u00bb tab_id=\u00a0\u00bb1578592705296-23f03f29-6184&Prime;][vc_column_text css=\u00a0\u00bb\u00a0\u00bb]<strong>Titre Professionnel Minist\u00e8re Charg\u00e9 de l&rsquo;Emploi CONSEILLER DE VENTE<\/strong><strong>\u00a0&#8211; Niveau 4 BAC<\/strong><\/p>\n<p><strong>R\u00e9pertori\u00e9 au RNCP<\/strong><\/p>\n<p><a href=\"https:\/\/www.francecompetences.fr\/recherche\/rncp\/37098\/\">RNCP37098 &#8211; TP &#8211; Conseiller de Vente<\/a><\/p>\n<p><em>Possibilit\u00e9 de validation partielle par l&rsquo;obtention de Certificats de Comp\u00e9tences Professionnels. <\/em><\/p>\n<p><strong>Mise \u00e0 jour 01\/25<\/strong>[\/vc_column_text][\/vc_tta_section][\/vc_tta_accordion][\/vc_column][\/vc_row][vc_row type=\u00a0\u00bbcontainer\u00a0\u00bb padding_top=\u00a0\u00bb\u00a0\u00bb padding_bottom=\u00a0\u00bb\u00a0\u00bb css=\u00a0\u00bb.vc_custom_1444505165647{margin-bottom: 0px !important;padding-top: 10px !important;}\u00a0\u00bb][vc_column][vc_separator color=\u00a0\u00bb#e2e2e2&Prime; type=\u00a0\u00bbnormal\u00a0\u00bb thickness=\u00a0\u00bb1&Prime; up=\u00a0\u00bb\u00a0\u00bb down=\u00a0\u00bb\u00a0\u00bb el_class=\u00a0\u00bbdotted\u00a0\u00bb][\/vc_column][\/vc_row][vc_row type=\u00a0\u00bbcontainer\u00a0\u00bb padding_top=\u00a0\u00bb\u00a0\u00bb padding_bottom=\u00a0\u00bb\u00a0\u00bb][vc_column][vc_raw_html]JTNDYXNpZGUlMjBjbGFzcyUzRCUyMndpZGdldC0zJTIwd2lkZ2V0LWxhc3QlMjB3aWRnZXQtb2RkJTIwYm94ZWQlMjBkb2N1bWVudCUyMHdpZGdldCUyMHdpZGdldF90ZXh0JTIyJTIwaWQlM0QlMjJ0ZXh0LTMlMjIlM0UlMEElM0NoNCUyMGNsYXNzJTNEJTIyd2lkZ2V0LXRpdGxlJTIyJTNFJTNDc3BhbiUzRVQlQzMlQTlsJUMzJUE5Y2hhcmdleiUyMGxhJTIwcGxhcXVldHRlJTNDJTJGc3BhbiUzRSUzQyUyRmg0JTNFJTBBJTNDZGl2JTIwY2xhc3MlM0QlMjJ0ZXh0d2lkZ2V0JTIyJTNFJTBBJTNDcCUzRUQlQzMlQTljb3V2cmV6JTIwbGElMjBmb3JtYXRpb24lMjBwbHVzJTIwZW4lMjBkJUMzJUE5dGFpbCUyMGdyJUMzJUEyY2UlMjAlQzMlQTAlMjBjZXR0ZSUyMHBsYXF1ZXR0ZSUyMGRlc2NyaXB0aXZlLiUzQyUyRnAlM0UlMEElM0NwJTNFJTNDYSUyMHRhcmdldCUzRCUyMl9ibGFuayUyMiUyMGNsYXNzJTNEJTIycGRmJTIyJTIwaHJlZiUzRCUyMmh0dHBzJTNBJTJGJTJGZHJpdmUuZ29vZ2xlLmNvbSUyRmZpbGUlMkZkJTJGMXZGb2JQQjBqc2dSUUtzQWNaRmVnRUsyOVByME85MnNTJTJGdmlldyUzRnVzcCUzRHNoYXJlX2xpbmslMjIlM0VUJUMzJUE5bCVDMyVBOWNoYXJnZXIlMjBlbiUyMFBERiUzQyUyRmElM0UlM0MlMkZwJTNFJTBBJTNDJTJGZGl2JTNFJTBBJTNDJTJGYXNpZGUlM0U=[\/vc_raw_html][\/vc_column][\/vc_row][vc_row type=\u00a0\u00bbcontainer\u00a0\u00bb padding_top=\u00a0\u00bb\u00a0\u00bb padding_bottom=\u00a0\u00bb\u00a0\u00bb][vc_column][vc_btn title=\u00a0\u00bbCANDIDATER POUR CETTE FORMATION\u00a0\u00bb style=\u00a0\u00bbcustom\u00a0\u00bb custom_background=\u00a0\u00bb#aac627&Prime; custom_text=\u00a0\u00bb#ffffff\u00a0\u00bb size=\u00a0\u00bblg\u00a0\u00bb align=\u00a0\u00bbcenter\u00a0\u00bb i_align=\u00a0\u00bbright\u00a0\u00bb i_icon_fontawesome=\u00a0\u00bb\u00a0\u00bb button_block=\u00a0\u00bbtrue\u00a0\u00bb add_icon=\u00a0\u00bbtrue\u00a0\u00bb link=\u00a0\u00bburl:https%3A%2F%2Fformations-vendee.com%2Fcofae%2Ftelecharger-le-dossier-de-candidature-cofae%2F|title:T%C3%A9l%C3%A9charger%20le%20dossier%20de%20candidature%20COFAE||\u00a0\u00bb][\/vc_column][\/vc_row]<\/p>\n<\/div>","protected":false},"excerpt":{"rendered":"<p>[vc_row type=\u00a0\u00bbcontainer\u00a0\u00bb padding_top=\u00a0\u00bb\u00a0\u00bb padding_bottom=\u00a0\u00bb\u00a0\u00bb css=\u00a0\u00bb.vc_custom_1445094705330{margin-bottom: 0px !important;}\u00a0\u00bb][vc_column width=\u00a0\u00bb1\/2&Prime; css=\u00a0\u00bb.vc_custom_1444994576899{margin-bottom: 35px !important;}\u00a0\u00bb][vc_column_text]Le conseiller de vente exerce son activit\u00e9 dans un environnement commercial omnicanal. Il assure la vente de produits et de services associ\u00e9s n\u00e9cessitant l&rsquo;apport de conseils et de d\u00e9monstrations aupr\u00e8s d&rsquo;une client\u00e8le de particuliers et parfois de professionnels. II prend en compte l&rsquo;ensemble du dispositif [&hellip;]<\/p>\n","protected":false},"author":1,"featured_media":0,"parent":95,"menu_order":2,"comment_status":"closed","ping_status":"closed","template":"","meta":{"_acf_changed":false,"_seopress_robots_primary_cat":"","_seopress_titles_title":"","_seopress_titles_desc":"","_seopress_robots_index":"","footnotes":""},"class_list":["post-71298","page","type-page","status-publish","hentry"],"acf":[],"_links":{"self":[{"href":"https:\/\/formations-vendee.com\/cofae\/wp-json\/wp\/v2\/pages\/71298","targetHints":{"allow":["GET"]}}],"collection":[{"href":"https:\/\/formations-vendee.com\/cofae\/wp-json\/wp\/v2\/pages"}],"about":[{"href":"https:\/\/formations-vendee.com\/cofae\/wp-json\/wp\/v2\/types\/page"}],"author":[{"embeddable":true,"href":"https:\/\/formations-vendee.com\/cofae\/wp-json\/wp\/v2\/users\/1"}],"replies":[{"embeddable":true,"href":"https:\/\/formations-vendee.com\/cofae\/wp-json\/wp\/v2\/comments?post=71298"}],"version-history":[{"count":7,"href":"https:\/\/formations-vendee.com\/cofae\/wp-json\/wp\/v2\/pages\/71298\/revisions"}],"predecessor-version":[{"id":81956,"href":"https:\/\/formations-vendee.com\/cofae\/wp-json\/wp\/v2\/pages\/71298\/revisions\/81956"}],"up":[{"embeddable":true,"href":"https:\/\/formations-vendee.com\/cofae\/wp-json\/wp\/v2\/pages\/95"}],"wp:attachment":[{"href":"https:\/\/formations-vendee.com\/cofae\/wp-json\/wp\/v2\/media?parent=71298"}],"curies":[{"name":"wp","href":"https:\/\/api.w.org\/{rel}","templated":true}]}}