{"id":2,"date":"2018-04-11T15:41:40","date_gmt":"2018-04-11T13:41:40","guid":{"rendered":"http:\/\/formations-vendee.com\/anglais\/?page_id=2"},"modified":"2022-01-13T16:08:01","modified_gmt":"2022-01-13T15:08:01","slug":"centre-de-formation-anglais-en-vendee-do-you-speak-english","status":"publish","type":"page","link":"https:\/\/formations-vendee.com\/anglais\/","title":{"rendered":"Formation anglais \u00e0 la Roche-sur-Yon en Vend\u00e9e"},"content":{"rendered":"<div class=\"wpb-content-wrapper\"><p>[vc_row content_placement=\u00a0\u00bbmiddle\u00a0\u00bb type=\u00a0\u00bbfull_page_width_inner_container\u00a0\u00bb padding_top=\u00a0\u00bb\u00a0\u00bb padding_bottom=\u00a0\u00bb\u00a0\u00bb css=\u00a0\u00bb.vc_custom_1554909761995{margin-bottom: 20px !important;padding-top: 35px !important;padding-bottom: 35px !important;background-image: url(https:\/\/formations-vendee.com\/anglais\/wp-content\/uploads\/sites\/8\/2019\/02\/formation-anglais-la-roche-sur-yon-vendee.jpg?id=66435) !important;background-position: center !important;background-repeat: no-repeat !important;background-size: cover !important;}\u00a0\u00bb][vc_column][vc_column_text]<\/p>\n<h1>Formation anglais \u00e0 la Roche-sur-Yon en Vend\u00e9e<\/h1>\n<p>[\/vc_column_text][vc_custom_heading text=\u00a0\u00bbLes formations Anglais en face \u00e0 face individuel. Avec notre centre de langue, vous ne passerez pas vos journ\u00e9es devant un ordinateur !\u00a0\u00bb font_container=\u00a0\u00bbtag:p|font_size:30px|text_align:left|color:%232e3669|line_height:56px\u00a0\u00bb google_fonts=\u00a0\u00bbfont_family:Open%20Sans%3A300%2C300italic%2Cregular%2Citalic%2C600%2C600italic%2C700%2C700italic%2C800%2C800italic|font_style:400%20regular%3A400%3Anormal\u00a0\u00bb css_animation=\u00a0\u00bbappear\u00a0\u00bb css=\u00a0\u00bb.vc_custom_1554909642732{margin-bottom: 30px !important;padding-top: 30px !important;padding-bottom: 40px !important;}\u00a0\u00bb][\/vc_column][\/vc_row][vc_row content_placement=\u00a0\u00bbmiddle\u00a0\u00bb type=\u00a0\u00bbcontainer\u00a0\u00bb padding_top=\u00a0\u00bb40&Prime; padding_bottom=\u00a0\u00bb\u00a0\u00bb css=\u00a0\u00bb.vc_custom_1556294041516{margin-top: 40px !important;background-position: center !important;background-repeat: no-repeat !important;background-size: cover !important;}\u00a0\u00bb][vc_column width=\u00a0\u00bb1\/2&Prime;][vc_column_text]<\/p>\n<h2>Des cours d&rsquo;anglais vivants en face \u00e0 face<\/h2>\n<p><strong>DO YOU SPEAK English vous permet d\u2019apprendre l\u2019Anglais \u00e0 votre rythme<\/strong> en privil\u00e9giant les cours individuels en face \u00e0 face. Votre temps est pr\u00e9cieux, vous gagnez en efficacit\u00e9. Formez-vous dans notre centre \u00e0 La Roche Sur Yon, ou nous nous d\u00e9pla\u00e7ons dans vos locaux.<\/p>\n<p><strong>Nos cours d\u2019<span class=\"il\">anglais<\/span> sont bas\u00e9s sur une <a href=\"https:\/\/formations-vendee.com\/anglais\/pedagogie\/\">p\u00e9dagogie active individualis\u00e9e<\/a>, anim\u00e9es par des professeurs dipl\u00f4m\u00e9s. Nous d\u00e9finissons ensemble le programme en fonction de votre niveau, de votre objectif et de votre disponibilit\u00e9<\/strong>. Pour optimiser votre organisation personnelle, nous mettons \u00e0 votre disposition un outil de formation e-learning pour vous former en ligne \u00ab o\u00f9 vous voulez, quand vous voulez \u00bb.[\/vc_column_text][\/vc_column][vc_column width=\u00a0\u00bb1\/2&Prime;][vc_images_carousel images=\u00a0\u00bb66329,66346,66347,66331&Prime; img_size=\u00a0\u00bblarge\u00a0\u00bb onclick=\u00a0\u00bblink_no\u00a0\u00bb speed=\u00a0\u00bb2000&Prime; autoplay=\u00a0\u00bbyes\u00a0\u00bb wrap=\u00a0\u00bbyes\u00a0\u00bb css=\u00a0\u00bb.vc_custom_1556293595858{margin-top: 20px !important;}\u00a0\u00bb][\/vc_column][\/vc_row][vc_row type=\u00a0\u00bbcontainer\u00a0\u00bb padding_top=\u00a0\u00bb\u00a0\u00bb padding_bottom=\u00a0\u00bb\u00a0\u00bb][vc_column][vc_column_text]Pour attester de votre niveau d\u2019<span class=\"il\">Anglais<\/span>, nous vous proposons de passer le <strong>TOEIC<\/strong>. <a href=\"https:\/\/formations-vendee.com\/anglais\/test-anglais-gratuit\/\"><strong>Notre centre de formation <span class=\"il\">Anglais<\/span> est habilit\u00e9 pour faire passer ce test<\/strong><\/a>. Il certifiera aupr\u00e8s d\u2019un employeur votre capacit\u00e9 professionnelle \u00e0 comprendre, lire, \u00e9crire et parler la langue Anglaise.<\/p>\n<ul>\n<li>Code TOEIC: 131204<\/li>\n<\/ul>\n<p>[\/vc_column_text][\/vc_column][\/vc_row][vc_row type=\u00a0\u00bbcontainer\u00a0\u00bb padding_top=\u00a0\u00bb\u00a0\u00bb padding_bottom=\u00a0\u00bb\u00a0\u00bb][vc_column][vc_column_text]<\/p>\n<h2>Formation anglais : notre centre de langue s&rsquo;adapte \u00e0 votre profil<\/h2>\n<p>Il existe depuis 1985 en Vend\u00e9e. Notre \u00e9quipe est compos\u00e9e de formateurs natifs English. Nous proposons\u00a0<a href=\"https:\/\/formations-vendee.com\/anglais\/pedagogie\/\"><strong>des parcours sur mesure<\/strong><\/a>\u00a0permettant d\u2019optimiser votre temps de formation.<\/p>\n<p><strong>Quelle que soit votre situation, nous chercherons la meilleure solution pour votre formation en Anglais : <\/strong>Salari\u00e9s, Particuliers, Demandeurs d\u2019emplois. Nous vous aidons \u00e0 construire votre dossier.[\/vc_column_text][\/vc_column][\/vc_row][vc_row type=\u00a0\u00bbcontainer\u00a0\u00bb padding_top=\u00a0\u00bb\u00a0\u00bb padding_bottom=\u00a0\u00bb\u00a0\u00bb][vc_column][vc_column_text]<\/p>\n<h2>Apprendre ou renforcer vos comp\u00e9tences en Anglais ! You\u2019re welcome.<\/h2>\n<p>Apprendre une langue est un d\u00e9fi consid\u00e9rable, c\u2019est pourquoi <strong>nous avons d\u00e9velopp\u00e9 une m\u00e9thode p\u00e9dagogique centr\u00e9e sur des cours en face \u00e0 face avec des Native Speaker English<\/strong>. Le but est de maintenir votre motivation pour continuer \u00e0 apprendre et faire de vrais progr\u00e8s.<\/p>\n<p>Notre parcours d&rsquo;anglais g\u00e9n\u00e9ral et professionnels est la premi\u00e8re \u00e9tape pour atteindre cet objectif. Il couvre tous <strong>les fondamentaux de la langue et vous donne une base solide<\/strong> pour d\u00e9velopper vos capacit\u00e9s de communication. Il est constitu\u00e9 de le\u00e7ons pratiques qui mettent l&rsquo;accent sur des situations de la vie r\u00e9elle. Il couvre la grammaire, le vocabulaire et toutes les comp\u00e9tences cl\u00e9s que vous devez d\u00e9velopper pour parler et comprendre l&rsquo;anglais.<\/p>\n<h2>Parlez l&rsquo;anglais g\u00e9n\u00e9ral et professionnel<\/h2>\n<p>Nous sommes bien conscients que l\u2019anglais utilis\u00e9 en milieu professionnel diff\u00e8re des conversations informelles. C\u2019est pourquoi nos cours r\u00e9pondent \u00e0 vos besoins sp\u00e9cifiques dans ce domaine. Nous vous apportons les comp\u00e9tences n\u00e9cessaires pour communiquer efficacement et avec assurance dans<strong> la langue internationale des affaires<\/strong>. Nous mettons l\u2019accent sur les situations que vous rencontrez dans votre vie professionnelle : r\u00e9diger des rapports, t\u00e9l\u00e9phoner \u00e0 vos clients ou participer \u00e0 des r\u00e9unions.<\/p>\n<p>Toutes nos le\u00e7ons sont pr\u00e9par\u00e9es et donn\u00e9es par des enseignants exp\u00e9riment\u00e9s qui se concentrent sur les besoins et les styles d&rsquo;apprentissage de chacun. Vous b\u00e9n\u00e9ficierez d&rsquo;une approche et d\u2019un plan d\u2019\u00e9tude personnalis\u00e9s, ainsi que de le\u00e7ons dynamiques.<br \/>\nNous compl\u00e9tons ces apports par la mise \u00e0 disposition de <strong>ressources en ligne<\/strong> disponible 24\/24 et 7\/7, pour avancer \u00e0 votre rythme en fonction de votre emploi du temps de la semaine. Vous perfectionnerez ainsi l&rsquo;ensemble des quatre comp\u00e9tences (parler, \u00e9couter, lire, \u00e9crire).[\/vc_column_text][\/vc_column][\/vc_row][vc_row type=\u00a0\u00bbcontainer\u00a0\u00bb padding_top=\u00a0\u00bb\u00a0\u00bb padding_bottom=\u00a0\u00bb\u00a0\u00bb css=\u00a0\u00bb.vc_custom_1524235050544{padding-top: 30px !important;}\u00a0\u00bb][vc_column][vc_column_text]<\/p>\n<h3>Inscrivez-vous au test anglais gratuit<\/h3>\n<p>[\/vc_column_text][vc_column_text]<strong>Des tests anglais gratuits<\/strong> sont propos\u00e9s dans notre <a href=\"https:\/\/formations-vendee.com\/anglais\/\">centre de langue Do You speak English<\/a>, bas\u00e9 \u00e0 La Roche sur Yon en Vend\u00e9e. Testez vos connaissance et\/ou pr\u00e9parez-vous aux examens officiels.[\/vc_column_text][vc_btn title=\u00a0\u00bbInscription\u00a0\u00bb style=\u00a0\u00bbcustom\u00a0\u00bb custom_background=\u00a0\u00bb#2e3669&Prime; custom_text=\u00a0\u00bb#ffffff\u00a0\u00bb size=\u00a0\u00bblg\u00a0\u00bb align=\u00a0\u00bbcenter\u00a0\u00bb i_align=\u00a0\u00bbright\u00a0\u00bb i_icon_fontawesome=\u00a0\u00bbfa fa-wpforms\u00a0\u00bb button_block=\u00a0\u00bbtrue\u00a0\u00bb add_icon=\u00a0\u00bbtrue\u00a0\u00bb link=\u00a0\u00bburl:https%3A%2F%2Fformatioplus.dgtconcept.com%2Finscription-do-you-speak-english%2F|||\u00a0\u00bb][\/vc_column][\/vc_row][vc_row type=\u00a0\u00bbcontainer\u00a0\u00bb padding_top=\u00a0\u00bb\u00a0\u00bb padding_bottom=\u00a0\u00bb\u00a0\u00bb][vc_column][vc_column_text]Si vous cherchez BIG MOUSTACHE, il est utile de parler Anglais. La preuve dans cette extrait de la grande Vadrouille.[\/vc_column_text][vc_video link=\u00a0\u00bbhttps:\/\/www.youtube.com\/watch?v=yLrtkFJ-6-w\u00a0\u00bb][\/vc_column][\/vc_row]<\/p>\n<\/div>","protected":false},"excerpt":{"rendered":"<p>[vc_row content_placement=\u00a0\u00bbmiddle\u00a0\u00bb type=\u00a0\u00bbfull_page_width_inner_container\u00a0\u00bb padding_top=\u00a0\u00bb\u00a0\u00bb padding_bottom=\u00a0\u00bb\u00a0\u00bb css=\u00a0\u00bb.vc_custom_1554909761995{margin-bottom: 20px !important;padding-top: 35px !important;padding-bottom: 35px !important;background-image: url(https:\/\/formations-vendee.com\/anglais\/wp-content\/uploads\/sites\/8\/2019\/02\/formation-anglais-la-roche-sur-yon-vendee.jpg?id=66435) !important;background-position: center !important;background-repeat: no-repeat !important;background-size: cover !important;}\u00a0\u00bb][vc_column][vc_column_text] Formation anglais \u00e0 la Roche-sur-Yon en Vend\u00e9e [\/vc_column_text][vc_custom_heading text=\u00a0\u00bbLes formations Anglais en face \u00e0 face individuel. Avec notre centre de langue, vous ne passerez pas vos journ\u00e9es devant un ordinateur !\u00a0\u00bb font_container=\u00a0\u00bbtag:p|font_size:30px|text_align:left|color:%232e3669|line_height:56px\u00a0\u00bb google_fonts=\u00a0\u00bbfont_family:Open%20Sans%3A300%2C300italic%2Cregular%2Citalic%2C600%2C600italic%2C700%2C700italic%2C800%2C800italic|font_style:400%20regular%3A400%3Anormal\u00a0\u00bb css_animation=\u00a0\u00bbappear\u00a0\u00bb css=\u00a0\u00bb.vc_custom_1554909642732{margin-bottom: [&hellip;]<\/p>\n","protected":false},"author":1,"featured_media":0,"parent":0,"menu_order":0,"comment_status":"closed","ping_status":"closed","template":"page-full-width.php","meta":{"_acf_changed":false,"_seopress_robots_primary_cat":"","_seopress_titles_title":"Formation anglais \u00e0 la Roche-sur-Yon en Vend\u00e9e","_seopress_titles_desc":"Formez-vous efficacement en Anglais avec DO YOU SPEAK ENGLISH, centre de langue bas\u00e9 \u00e0 La Roche-sur-Yon en Vend\u00e9e depuis 1985. Antenne Formations-Vend\u00e9e.com","_seopress_robots_index":"","footnotes":""},"class_list":["post-2","page","type-page","status-publish","hentry"],"acf":[],"_links":{"self":[{"href":"https:\/\/formations-vendee.com\/anglais\/wp-json\/wp\/v2\/pages\/2","targetHints":{"allow":["GET"]}}],"collection":[{"href":"https:\/\/formations-vendee.com\/anglais\/wp-json\/wp\/v2\/pages"}],"about":[{"href":"https:\/\/formations-vendee.com\/anglais\/wp-json\/wp\/v2\/types\/page"}],"author":[{"embeddable":true,"href":"https:\/\/formations-vendee.com\/anglais\/wp-json\/wp\/v2\/users\/1"}],"replies":[{"embeddable":true,"href":"https:\/\/formations-vendee.com\/anglais\/wp-json\/wp\/v2\/comments?post=2"}],"version-history":[{"count":5,"href":"https:\/\/formations-vendee.com\/anglais\/wp-json\/wp\/v2\/pages\/2\/revisions"}],"predecessor-version":[{"id":66550,"href":"https:\/\/formations-vendee.com\/anglais\/wp-json\/wp\/v2\/pages\/2\/revisions\/66550"}],"wp:attachment":[{"href":"https:\/\/formations-vendee.com\/anglais\/wp-json\/wp\/v2\/media?parent=2"}],"curies":[{"name":"wp","href":"https:\/\/api.w.org\/{rel}","templated":true}]}}